 the greatest common divisor of 897 and 11076?
39
What is the highest common divisor of 7271 and 558545?
661
Calculate the greatest common divisor of 96569 and 33.
11
What is the highest common divisor of 150922 and 295?
59
What is the greatest common factor of 1155658 and 2331?
259
What is the highest common factor of 11 and 4169?
11
Calculate the greatest common divisor of 1763 and 2236.
43
Calculate the highest common factor of 11319 and 155379.
1029
Calculate the highest common factor of 14 and 27958.
14
Calculate the highest common divisor of 87320 and 1475.
295
What is the greatest common factor of 11774 and 56?
14
What is the greatest common divisor of 1897620 and 12?
12
Calculate the highest common factor of 320 and 6360.
40
What is the greatest common divisor of 498 and 39425?
83
Calculate the highest common factor of 224 and 5894.
14
What is the highest common divisor of 429 and 444147?
33
Calculate the greatest common factor of 26 and 742846.
26
What is the greatest common divisor of 5 and 351245?
5
Calculate the greatest common divisor of 135 and 176634.
27
Calculate the greatest common factor of 70641 and 42723.
423
What is the highest common factor of 83543 and 19?
19
What is the highest common factor of 535 and 173447?
107
What is the greatest common divisor of 12375 and 1122825?
825
What is the highest common divisor of 245996 and 21716?
356
What is the highest common divisor of 405 and 36870?
15
Calculate the greatest common divisor of 489741 and 14.
7
Calculate the highest common factor of 25558 and 26.
26
Calculate the greatest common factor of 57677 and 1263.
421
What is the greatest common divisor of 60 and 22230?
30
What is the highest common factor of 5355 and 1380960?
315
What is the greatest common factor of 145071 and 8019?
729
Calculate the highest common factor of 6802 and 494.
38
Calculate the highest common divisor of 5436 and 144.
36
Calculate the highest common divisor of 357828 and 12.
12
What is the highest common divisor of 11292 and 30?
6
What is the highest common factor of 370 and 226255?
185
Calculate the greatest common divisor of 129519 and 492.
123
Calculate the highest common divisor of 7746 and 306.
6
Calculate the greatest common factor of 25256 and 26488.
616
What is the highest common factor of 24793 and 2?
1
What is the greatest common divisor of 612656 and 44?
44
Calculate the greatest common divisor of 11092 and 3196.
188
What is the greatest common divisor of 179952 and 368?
368
What is the greatest common divisor of 729 and 3879?
9
Calculate the greatest common divisor of 20 and 9665.
5
What is the greatest common factor of 775 and 62341?
31
Calculate the greatest common factor of 28188 and 3364.
116
Calculate the highest common factor of 2032 and 16.
16
Calculate the highest common factor of 234 and 48282.
78
Calculate the greatest common factor of 131882 and 1472.
46
Calculate the highest common divisor of 455 and 11235.
35
What is the highest common factor of 544 and 2152?
8
Calculate the highest common divisor of 11960 and 33280.
520
What is the greatest common divisor of 39 and 271479?
39
Calculate the highest common factor of 949 and 16055.
13
Calculate the highest common divisor of 9990 and 2610.
90
What is the greatest common factor of 455 and 5590?
65
Calculate the greatest common factor of 20 and 75820.
20
Calculate the greatest common divisor of 1826136 and 288.
72
Calculate the greatest common divisor of 300 and 10524.
12
Calculate the highest common factor of 158500 and 250.
250
What is the highest common divisor of 280 and 12770?
10
What is the greatest common factor of 804 and 1625889?
201
What is the highest common divisor of 35715 and 15?
15
Calculate the highest common factor of 9920 and 571640.
1240
What is the highest common factor of 6438 and 3741?
87
Calculate the greatest common divisor of 77 and 1859.
11
What is the highest common factor of 36801 and 3?
3
Calculate the highest common factor of 2 and 31589.
1
Calculate the highest common divisor of 10125 and 93000.
375
Calculate the greatest common divisor of 221408 and 704.
352
What is the greatest common factor of 17782 and 68?
34
Calculate the greatest common divisor of 1703 and 1048.
131
Calculate the greatest common divisor of 31717 and 18354.
161
What is the highest common factor of 2013 and 781?
11
What is the highest common factor of 2835805 and 35?
35
Calculate the greatest common factor of 429 and 33.
33
What is the greatest common divisor of 29012 and 112?
4
What is the greatest common divisor of 1160 and 2056?
8
What is the highest common divisor of 2923 and 4345?
79
What is the greatest common factor of 73497 and 6?
3
What is the highest common factor of 1413430 and 843?
281
What is the greatest common factor of 448 and 54952?
8
What is the greatest common factor of 13839 and 6888?
21
Calculate the greatest common factor of 10222 and 271690.
538
What is the highest common divisor of 12 and 749364?
12
What is the greatest common divisor of 452 and 2100?
4
What is the highest common divisor of 39040 and 896?
128
What is the greatest common factor of 1 and 1157209?
1
Calculate the greatest common divisor of 6 and 11535204.
6
Calculate the greatest common factor of 1440 and 31950.
90
What is the greatest common divisor of 8334 and 342?
18
Calculate the greatest common factor of 88 and 1347148.
44
Calculate the highest common factor of 471 and 2198.
157
Calculate the highest common factor of 3528 and 60592.
56
What is the greatest common divisor of 744 and 26304?
24
Calculate the highest common factor of 4454 and 136.
34
Calculate the highest common divisor of 1326 and 63804.
78
Calculate the highest common divisor of 2701585 and 397.
397
Calculate the highest common factor of 6723 and 87648.
249
Calculate the highest common factor of 20 and 10475.
5
Calculate the highest common factor of 3140 and 12.
4
Calculate the highest common divisor of 406 and 6322.
58
Calculate the highest common divisor of 8379 and 1710.
171
What is the greatest common divisor of 690045 and 537?
537
Calculate the greatest common factor of 12064 and 338.
26
Calculate the highest common divisor of 28 and 173460.
28
Calculate the greatest common divisor of 99077 and 22.
11
What is the greatest common divisor of 481 and 91871?
481
Calculate the highest common divisor of 474 and 1817.
79
Calculate the highest common factor of 348051 and 1272.
159
Calculate the highest common factor of 28 and 200627.
7
What is the greatest common factor of 950 and 267520?
190
Calculate the highest common factor of 27 and 268137.
27
What is the highest common factor of 9702 and 891?
99
Calculate the highest common factor of 104 and 565916.
52
What is the greatest common divisor of 605 and 6867355?
605
What is the highest common factor of 1977 and 56015?
659
Calculate the greatest common divisor of 26404 and 115.
23
What is the highest common factor of 48 and 3428?
4
What is the highest common divisor of 619048 and 184?
8
What is the highest common divisor of 1035 and 168429?
69
What is the greatest common factor of 31031 and 1085?
217
Calculate the highest common factor of 7386 and 3.
3
Calculate the greatest common divisor of 983167 and 502.
251
What is the highest common divisor of 572864 and 64?
64
Calculate the greatest common divisor of 34856 and 20.
4
Calculate the greatest common factor of 7551 and 6.
3
What is the greatest common factor of 6886 and 352?
22
What is the highest common factor of 1156 and 471104?
68
Calculate the highest common divisor of 174713 and 154.
77
Calculate the greatest common factor of 75589 and 3.
1
What is the highest common divisor of 49 and 44565?
1
Calculate the highest common factor of 44 and 66110.
22
What is the greatest common factor of 98119 and 3745?
749
Calculate the greatest common divisor of 608 and 10013.
19
What is the greatest common divisor of 2346302 and 154?
14
Calculate the greatest common divisor of 544 and 15712.
32
What is the highest common divisor of 124 and 12188?
4
What is the highest common factor of 962 and 68746?
74
Calculate the highest common divisor of 414760 and 240.
40
Calculate the greatest common factor of 104 and 106.
2
What is the greatest common factor of 1230 and 133086?
246
What is